se 0 = 4*r - o - 8, 31*r = 26*r + 5*o - 5. Suppose f*y + 741 = r*y. List the prime factors of y.
13, 19
Let t(q) = -205*q**3 + 4*q**2 + 21*q - 3. What are the prime factors of t(-5)?
3, 8539
Let l = 37 - 44. Let f = 3 + l. List the prime factors of (-1674)/(-21) - f/14.
2, 5
List the prime factors of ((-146)/((-40)/(-3) - 12))/(2/(-80)).
2, 3, 5, 73
Let i(x) be the first derivative of -4*x**3/3 + x**2/2 + 6*x + 4. Let u be i(-2). Let v = 22 + u. What are the prime factors of v?
2, 5
Let l(p) = p**3 + 11*p**2 + 11*p + 13. Let g = 36 + -46. Let q be l(g). Suppose 2*c - 4*r - 44 = -2*r, -2*r + 56 = q*c. What are the prime factors of c?
2, 5
Suppose -276*m + 289*m - 50388 = 0. List the prime factors of m.
2, 3, 17, 19
Let k = 14377 + -9673. List the prime factors of k.
2, 3, 7
Let f(o) = 5*o**3 - 294*o**2 - 17*o - 143. List the prime factors of f(59).
5, 467
Suppose -5*t + 73210 = -5*l - 0*l, -4*t + 2*l + 58564 = 0. Suppose -19*q = q - t. List the prime factors of q.
2, 3, 61
Let l = 285 + 4558. List the prime factors of l.
29, 167
Let z(t) = -t**2 + 39*t - 16. Let k be (15/9 - 1) + (-434)/(-42). List the prime factors of z(k).
2, 73
Suppose 0 = -k + 4*b + 12273, 2*b - 36875 = -154*k + 151*k. What are the prime factors of k?
12289
Suppose 5*s + 6*s = 924. Suppose 0 = -4*i + 3*b + 353, 4*i = 3*i + 5*b + s. Suppose 1170 = -i*u + 94*u. What are the prime factors of u?
2, 3, 13
Let r(d) = 304*d**2 - 19*d + 32. Let c(g) = 9*g - 88. Let l be c(10). What are the prime factors of r(l)?
2, 5, 11
Let d(n) = 2. Let k(q) = -59*q - 12. Let t(b) = 2*d(b) + k(b). What are the prime factors of t(-1)?
3, 17
Suppose 5*x = -4*b + 2, 4*x + 2*b + 5 = 3. Let c be (-3 - (-14 + 3))/x. List the prime factors of 6/12 - c/(8/189).
5, 19
Suppose 0 = -9*c + 107 - 1232. Let s be ((-32)/12)/((-2)/(-51)). Let t = s - c. What are the prime factors of t?
3, 19
Let y = -21481 + 27858. List the prime factors of y.
7, 911
Let d = 1480 - -1135. What are the prime factors of d?
5, 523
Suppose -80801 = 7340*v - 7347*v. List the prime factors of v.
7, 17, 97
Let j be 4 + (-18)/(-15)*-1*5. Let s be 2/j + 6/3*3. Suppose 0 = 5*f + 5*u - 1295, s*f + 4*u - 1296 = -0*f. List the prime factors of f.
2, 5, 13
Suppose -4*g - i + 25012 = -108140, 3*g - i - 99864 = 0. List the prime factors of g.
2, 3, 19, 73
Let a = -237 - -399. Suppose 527 = 5*t + a. Let y = 94 - t. What are the prime factors of y?
3, 7
Let y = 432 + -426. Suppose -k = y*j - 93, -3*k = -6*k - 3*j + 309. What are the prime factors of k?
3, 5, 7
Let f(s) = -s**2 - 2*s + 3. Suppose 5*k - 1 = -3*i - 16, k + 3 = -2*i. Let x be f(k). List the prime factors of x + 4 + 0 + 11.
3, 5
Let j = -2995 + 6748. List the prime factors of j.
3, 139
Suppose -4*h + 11*g - 10*g - 3031 = 0, 2*h + 3*g = -1519. Let b = 1653 + h. What are the prime factors of b?
5, 179
Let y be (31/4)/(10/80). Suppose 3*n = -2*l + y, -l + 141 = 5*n + 40. Suppose 14*b - n*b = -1500. List the prime factors of b.
2, 5
Let j(v) = -50*v**2 + 1. Let q be j(1). Let n = q + 47. What are the prime factors of ((-78)/15)/(n/5)?
13
Let l(p) = 1065*p**2 - 72*p + 33. What are the prime factors of l(-6)?
3, 5, 13, 199
Suppose 4*h = 3*l - 989, -9*h + 257 = -10*h + 4*l. Let i = -149 - h. What are the prime factors of i?
2, 3
Suppose 10*r - 13430 = -67*r - 8*r. What are the prime factors of r?
2, 79
Let g be 410/(0/(-4) - (-4)/6). Let z = g + -258. List the prime factors of z.
3, 7, 17
Suppose 2*q + 3*g - 88 + 54 = 0, q + 5*g - 24 = 0. Let c(m) = 61*m + 101. What are the prime factors of c(q)?
5, 191
What are the prime factors of ((-1)/(-1))/(-15 + 291972/19464)?
2, 811
Let g(y) = -11*y**3 - y**2 - 3*y + 3. Let o(x) = x**3 - 18*x**2 + 10*x + 116. Let c be o(17). List the prime factors of g(c).
2, 3, 5
Let r(p) = 7*p + 132. Let i be r(-19). What are the prime factors of i + (-2*275)/(-1) - 3?
2, 3, 7, 13
Let t = 1864 + 472. List the prime factors of t.
2, 73
Let i = -38 - -41. Suppose -5*n + i*n - 184 = 0. Let w = n + 185. What are the prime factors of w?
3, 31
Let u(z) = z**2 + 6*z - 6. Let a(b) = 4*b - 5 - 3*b - 2 + 3. Let l be a(-8). What are the prime factors of u(l)?
2, 3, 11
Let c(q) = 221*q**2 + 5*q + 16. Let r be c(-3). Let h = r - 983. List the prime factors of h.
19, 53
Let h be (-19 - -20)/((-1)/913). List the prime factors of ((-1083)/(-11))/3 - 166/h.
3, 11
Let a = 543 + -523. Suppose a*x = 6176 + 10744. What are the prime factors of x?
2, 3, 47
Let n be (0 - (-18)/6)*1. Suppose -2*a + 2375 = 5*t, 4*t - 1900 = -n*a - 0*a. What are the prime factors of t?
5, 19
Let n(b) = b**3 - 19*b**2 + 117*b - 2. Let f be n(13). Suppose 5*z + f = 4155. What are the prime factors of z?
2, 5, 73
Let h(g) = 2*g**2 + g + 32. Let i be h(5). Suppose 17*z - 100 - i = 0. List the prime factors of z.
11
List the prime factors of 24*30/(-48)*(-20436)/30.
2, 3, 13, 131
Suppose 775 + 80 = 9*q. Suppose 4*r - q = -3*m - 15, -2*m = -5*r + 77. Suppose -r*o + 1302 + 1350 = 0. What are the prime factors of o?
2, 3, 13
Let c = -68 - -62. Let w be ((-4)/c)/((-8)/12) + 3. Suppose 2 = f, p = -f + w*f + 125. List the prime factors of p.
127
Let l(v) = 2824*v + 2547. What are the prime factors of l(9)?
3, 13, 239
Let m(z) = 34*z**2 + 4*z + 15. Let l be m(4). Let f = -330 + l. List the prime factors of f.
5, 7
Let p = -16548 - -24218. Suppose 33828 = 22*j + p. List the prime factors of j.
29, 41
Let o(s) = -11*s + 7. Let i(r) = 11. Let v(l) = 7. Let t(a) = -5*i(a) + 8*v(a). Let h(x) = -2*o(x) - 22*t(x). List the prime factors of h(6).
2, 3
Let x(j) = 344*j + 1559. List the prime factors of x(5).
3, 1093
Let o = 83 + -120. Let m = o - -36. List the prime factors of 7*10 - 0/(m + -2).
2, 5, 7
Let v(y) = -10*y**2 + 38*y**2 + 48 - 7*y**3 - 14*y + 6*y**3 - 44*y. List the prime factors of v(25).
11, 43
Suppose -181357 = -18*v + 199001. What are the prime factors of v?
11, 17, 113
Let o = 20886 - 14157. List the prime factors of o.
3, 2243
Suppose l - 2697 = 3*d + 7422, l - 4*d - 10118 = 0. List the prime factors of l.
2, 3, 7, 241
What are the prime factors of (6/4)/(123765/61878 + -2)?
10313
Suppose -3*x = 3*w - 93, -3*w - 4*x + 36 + 52 = 0. Suppose 6*g = -w + 288. Let c = 38 + g. What are the prime factors of c?
2, 5
Suppose 13 = 3*j - 5. Let b be 4/j*((-419)/2 - -1). Let d = 247 + b. List the prime factors of d.
2, 3
List the prime factors of 43435260/3135 - 3/(-57).
5, 17, 163
Suppose 41*p - 36*p = 2420. Suppose -p = -m + 114. List the prime factors of m.
2, 13, 23
Let t(a) = 2*a**3 + 8*a**2 - 29*a - 20. Let m be t(10). Suppose -10*f + m = -8490. What are the prime factors of f?
2, 3, 61
Suppose h + g = -4*g - 71, 409 = -4*h + 5*g. Let o = 10 - h. Let b = -69 + o. What are the prime factors of b?
37
Suppose z + 31 = 185. Let k be ((-5)/(10/36))/((-21)/z). Suppose 6*c - k = 114. What are the prime factors of c?
41
Let k be 630/198 - (4/(-11))/(-2). Suppose 3*m - 992 - 223 = 3*z, 3*z - 1197 = -k*m. List the prime factors of m.
2, 3, 67
Suppose 5*j = -6 + 26. Suppose -j*m - 1630 = -9*m. What are the prime factors of m?
2, 163
Suppose -2*l + 10*l = -3056. List the prime factors of (-5)/(35/(-14)) - l.
2, 3
Suppose -17*z = -16*z - 455. Let b = z + -206. List the prime factors of b.
3, 83
Let v(z) = -9*z + 351. Let j be v(0). List the prime factors of (-3)/39 - (-439128)/j.
3, 139
Let j(c) be the third derivative of -c**6/120 - 7*c**5/30 + c**4/24 + 31*c**3/6 + 8*c**2. Let k be j(-15). Let y = k + -142. List the prime factors of y.
3, 11
Suppose 5*l - p + 206 - 96 = 0, 5*p = -3*l - 38. Let k(d) = 4*d**2 + 25*d + 13. List the prime factors of k(l).
2, 313
Let y be (14/7)/(0 + 1). Suppose 0 = -0*n - y*n + 8. Suppose 290 = n*p + p. What are the prime factors of p?
2, 29
Let f(s) = -74*s - 8. Let n(d) = 3*d - 130. Let l be n(40). What are the prime factors of f(l)?
2, 3, 61
Let m = -6971 + 15889. List the prime factors of m.
2, 7, 13
What are the prime factors of (11 - (-18518)/6)*(-6)/(-4)?
2, 23, 101
Suppose -19*g + 29686 = -2072 - 4247. What are the prime factors of g?
5, 379
Let t(c) = -c**2 - 19*c + 2. Let h be (-750)/(-45)*12/(-10). Let z be t(h). What are the prime factors of (542/(-4))/((-3)/z*-3)?
271
Suppose 10 = -5*i + 35, -4*i = -4*v. Suppose 3*w - 6 = 0, 0*w + 739 = v*s + 2*w. What are the prime factors of s?
